 = 2711 + m. What are the prime factors of q?
2, 3, 89
Let y(u) = -7839*u + 12211. List the prime factors of y(-8).
74923
Suppose 0 = 35*r - 83961 - 64579. What are the prime factors of r?
2, 1061
Let y = -107 + 152. Let r be (-1)/((-695)/(-115) + -6). Let n = y + r. List the prime factors of n.
2, 11
What are the prime factors of 7 - (6/10 + 406440/(-25))?
2, 19, 107
Suppose -116 - 104 = -2*f. Suppose -4*s = -246 + f. What are the prime factors of s?
2, 17
Let t(j) = 5*j**2 - 6 - 3*j**2 + 3*j + 6*j**2 - 3*j**2. List the prime factors of t(3).
2, 3
Let q = -324 + 1002. Let a = -449 + q. What are the prime factors of a?
229
Let u = -293 - -305. Suppose 37*j - 300 = u*j. List the prime factors of j.
2, 3
Let i(w) = 1040*w**2 - 1324*w + 8. List the prime factors of i(6).
2, 461
Let x(b) = -b**2 - 16*b + 15. Let n(f) = -3*f + 3. Let w(y) = 5*y - 5. Let r(m) = 11*n(m) + 6*w(m). Let j be r(4). List the prime factors of x(j).
2, 3, 13
What are the prime factors of (-102)/(-136) + 31599/12?
2, 3, 439
Let b = 124 - -135. Let w = 567 - b. List the prime factors of w.
2, 7, 11
Suppose -92*f - 31*f + 732957 = 0. List the prime factors of f.
59, 101
Let p(b) = 57*b**2 + 3*b - 4. Let d be p(3). Suppose 4*z - 1602 = -d. What are the prime factors of z?
271
Let d(v) = 182*v - 1 - 5 - 4 + 8. What are the prime factors of d(1)?
2, 3, 5
Let d be (-3)/9*2*-3. Suppose -2 = 3*s - d*s. Let f = 21 + s. List the prime factors of f.
19
Let w(n) = 6*n**2 - 29*n + 145. Let d be w(8). Suppose -943 + 143 = -4*s. Let v = d - s. List the prime factors of v.
97
Let u = 17 + -18. Let t = u + 4. Suppose -2*i + 113 = -5*z, t*i - 3*z - 273 = -2*i. List the prime factors of i.
2, 3
Let g(i) = 3*i**2 - 26*i + 8. Let x(p) = 5*p - 6. Let m be x(5). List the prime factors of g(m).
3, 199
Let n(r) = -14130*r - 3. What are the prime factors of n(-1)?
3, 17, 277
Suppose -5*d - 7558 = -b, 6*d = 5*b + 8*d - 37709. List the prime factors of b.
19, 397
Suppose -5 + 41 = 6*i. Let g(v) = 42*v**2 - 2*v - 9. Let o be g(i). Suppose -57*u + o = -50*u. What are the prime factors of u?
3, 71
What are the prime factors of ((-194598)/(-12) + 9)*(-8)/(-12)?
29, 373
Let x = -12168 - -30787. List the prime factors of x.
43, 433
Suppose 0 = b - 5, 3*o + 36*b - 31 = 31*b. What are the prime factors of (7/(-2) + o)*(-7 - 17)?
2, 3
Let p = -8 + -8. Let i(k) = 2*k - 89. Let j(h) = 6. Let m(t) = -2*i(t) - 22*j(t). What are the prime factors of m(p)?
2, 5, 11
Let g(s) = s**2 - 11*s + 32. Let v = 15 + 0. Let a be g(v). Suppose -a = -r - 0*r. What are the prime factors of r?
2, 23
Suppose 5 - 1 = f + 2*b, -b = -2. Let o = f - -41. Suppose -691 = -3*s + o. What are the prime factors of s?
2, 61
Let k = -333 + 337. List the prime factors of (-4)/(k/(-248)*2).
2, 31
Suppose -40*g + 110 = -30*g. Suppose 3*x = -3*v + 1191, -3*x + g*v + 1212 = 7*v. What are the prime factors of x?
2, 5
Let u be (6/(-24))/(1/4). Let h(m) = -22*m - 66*m - 53*m + 39*m. What are the prime factors of h(u)?
2, 3, 17
Suppose 17 = -20*u + 17. Suppose u = -5*b - 4*z + 5655, -b = z + 3*z - 1115. What are the prime factors of b?
5, 227
Suppose 4*f - 2 = 14, 5*f = -n + 500. Let p = n - 184. Suppose 0 = 4*y + 4*z - p, 0 = -4*y + 2*z - 4*z + 304. What are the prime factors of y?
2, 3, 13
Let o = 553 + -822. Let s = -17 - o. List the prime factors of s.
2, 3, 7
Let c(p) = p**2 + 11*p. Let j be c(-5). Let w = -15031 - -15196. What are the prime factors of 27203/w - 4/j?
3, 5, 11
Let h(v) be the first derivative of 3*v**4 - 10*v**3/3 - 7*v**2/2 - 8*v - 38. List the prime factors of h(5).
17, 71
Let v(z) = -36*z**3 - 17*z**2 - 21*z - 376. List the prime factors of v(-10).
2, 3, 5689
Suppose -20*q = 23481 - 90981. What are the prime factors of q?
3, 5
Suppose -13*t = -25 - 53. Let i(s) = 9*s - 4. List the prime factors of i(t).
2, 5
Suppose -2*c + 47835 = 3*q, -1376*q = 5*c - 1373*q - 119601. What are the prime factors of c?
2, 3, 443
Let y(w) = -w**3 + 12*w**2 + 8*w - 17. Let n(t) = t**2 - 19*t - 13. Let h be n(20). Let c = h - -5. List the prime factors of y(c).
79
Let s = 215 - 134. Suppose 1836 = 90*g - s*g. List the prime factors of g.
2, 3, 17
Suppose 4*w + 41 = -3*p, -4*p + 30 + 18 = -2*w. Let o(i) = 2*i**3 + 29*i**2 - 9*i + 2. What are the prime factors of o(w)?
2, 3
Let s(g) = g**3 + 5*g**2 + 4*g - 2. Let a be s(-3). Suppose -25 = -a*z - z. Suppose -5*k - 179 = 3*c - 436, 3*k - 161 = z*c. List the prime factors of k.
2, 13
Let v = 19895 - 8364. List the prime factors of v.
13, 887
Let q(c) = -5601*c - 7053. List the prime factors of q(-16).
3, 13, 29, 73
Suppose 10872 = 5*t + 4*v, 2*t - 3065 = 4*v + 1323. List the prime factors of t.
2, 5, 109
Let i(a) = 14*a + 83. Suppose k + 4*k - 104 = -4*z, -5*z = 2*k - 113. What are the prime factors of i(z)?
13, 29
Let u(k) = k**2 - 3*k + 14. Let q be u(7). Let z = q - 41. What are the prime factors of (z - 0)*-55*(-48)/60?
2, 11
Suppose 0 = 5*a + 25, -i + 2*i + a = 1001. Let t(v) = v**2 + 3*v - 10. Let c be t(-7). What are the prime factors of (-4)/(-18) - (-2)/c*i?
2, 7
Let d(a) = 48*a**2 - 21*a - 265. List the prime factors of d(-13).
2, 5, 7, 29
Suppose 40 = 14*p - 6*p. Let j(w) = -3 + 3 + 3*w + 5 + 8*w. What are the prime factors of j(p)?
2, 3, 5
Let q(r) = -17*r - 1. Let l be q(-16). List the prime factors of l - ((-1)/(-2) - (-27)/(-18)).
2, 17
Let p(u) = -5*u + 79. Let x be p(15). Suppose -4*z - x*k + 592 = -z, 0 = -3*z + k + 572. What are the prime factors of z?
2, 3
Suppose -2*t + 459 = q, 34*t = 30*t + 4. Let w be 117/3*-7 - 0. Let c = w + q. List the prime factors of c.
2, 23
Suppose 60068 = 11*s - 431470 + 134093. List the prime factors of s.
5, 67, 97
Let c = -654 + 2959. List the prime factors of c.
5, 461
Let l = -98 - -543. Suppose 6*b - 439 = 4*b + 5*n, -2*b - n + l = 0. List the prime factors of b.
2, 3, 37
Let z(m) = 0*m**2 - m**2 - 24 + 2 + 11*m. Let g be z(8). Suppose 4*k - 73 = -d - 0*k, 4*d - 202 = g*k. What are the prime factors of d?
53
Let o(i) = 11*i**3 - 18*i**2 + 28*i - 1. Let n(z) = -2*z**3 + z - 1. Let c(x) = 5*n(x) + o(x). What are the prime factors of c(16)?
2, 5
What are the prime factors of 156325/45 + -5 - 8/(-72)?
3469
Let n(d) be the first derivative of -d**4/4 - 8*d**3/3 - 12*d**2 + 12*d + 8. What are the prime factors of n(-11)?
3, 71
Let n = 13 - 11. Let s = 668 - 412. Suppose -4*i + s = -n*i. What are the prime factors of i?
2
Let v = 14588 + -4490. List the prime factors of v.
2, 3, 11, 17
Suppose -7*n + 9 = -4*n. Suppose f = -2*q + 598, q = -0*q - n*f + 294. Suppose 3*z = 3*y + 198, 5*y = -4*z - 0*y + q. List the prime factors of z.
2, 5, 7
Let g(t) = 21*t - 23. Let x(s) = 106*s - 116. Let q(j) = 16*g(j) - 3*x(j). What are the prime factors of q(16)?
2, 67
Suppose -36846 - 3909 = -3*i - 15*z, -5*z + 40685 = 3*i. What are the prime factors of i?
2, 5, 271
What are the prime factors of (129067/(-76))/(-3 - 140/(-48))?
3, 6793
List the prime factors of 7*(-2072)/(-16)*2.
7, 37
What are the prime factors of -6183*((0 - 10) + 14*1/2)?
3, 229
Let i(z) = -z**3 + 66*z**2 - 366*z - 87. List the prime factors of i(59).
2, 17, 79
Suppose -15 = 5*n + 5*o, -55 = 5*n + 7*o - 12*o. List the prime factors of (n - 120/(-16))*890.
5, 89
Suppose 0 = 4*m - 0*m - 5*t + 7, 9 = 3*m + t. Let j(l) = 5*l**2 - 4*l**m + l - l + 13. List the prime factors of j(10).
113
Let d = 3 + 0. Let r = d + 3. Suppose 66 = 2*v - r*h + 2*h, -5*h = 4*v - 184. List the prime factors of v.
41
Let o(i) = 3*i**2 + 37*i + 114. Let j(k) = -k**3 + 9*k - 1. Let v be j(4). List the prime factors of o(v).
2, 17, 23
Suppose 18*s = -3*x + 16*s + 5290, -3*s + 15 = 0. What are the prime factors of x?
2, 5, 11
Let x be (-2)/(-2)*(-89 - 0). Let s = x - -95. List the prime factors of 125 + 5/(s + -5).
2, 5, 13
Let j = -294 - -389. Let s = j - 49. List the prime factors of s.
2, 23
Let h(i) = 5*i - 22. Let f be h(5). Suppose -5*m = -c - f*m + 117, -5*c - 3*m = -585. Suppose -c = -11*u + 114. What are the prime factors of u?
3, 7
Let s = 42255 - 6333. What are the prime factors of s?
2, 3, 5987
Let w(c) = 5694*c**2 + 11*c + 11. Let p be w(-1). What are the prime factors of (13 + -10)*p/18?
13, 73
Suppose 4*s = -0*z + 3*z - 331, 5*s = 5*z - 550. Suppose 0 = 9*t - z - 26. Suppose -163 = t*v - 16*v. List the prime factor